{"id":20,"date":"2014-05-10T20:46:09","date_gmt":"2014-05-10T18:46:09","guid":{"rendered":"http:\/\/solebadlaer.de\/?page_id=20"},"modified":"2025-04-27T06:44:03","modified_gmt":"2025-04-27T04:44:03","slug":"preise","status":"publish","type":"page","link":"https:\/\/solebadlaer.de\/?page_id=20","title":{"rendered":"Preise"},"content":{"rendered":"<h2 style=\"text-align: center;\"><strong>Die Preise f\u00fcr 2025<\/strong><\/h2>\n<figure class=\"wp-block-image\"><img loading=\"lazy\" decoding=\"async\" width=\"1024\" height=\"132\" src=\"http:\/\/solebadlaer.de\/wordpress\/wp-content\/uploads\/2019\/04\/Karten-1024x132.jpg\" alt=\"\" class=\"wp-image-350\" srcset=\"https:\/\/solebadlaer.de\/wordpress\/wp-content\/uploads\/2019\/04\/Karten-1024x132.jpg 1024w, https:\/\/solebadlaer.de\/wordpress\/wp-content\/uploads\/2019\/04\/Karten-300x39.jpg 300w, https:\/\/solebadlaer.de\/wordpress\/wp-content\/uploads\/2019\/04\/Karten-768x99.jpg 768w, https:\/\/solebadlaer.de\/wordpress\/wp-content\/uploads\/2019\/04\/Karten.jpg 1920w\" sizes=\"auto, (max-width: 1024px) 100vw, 1024px\" \/><\/figure>\n<hr \/>\n<h3 style=\"text-align: center;\">Die Preise f\u00fcr die Saison 2025 bleiben gegen\u00fcber dem Vorjahr unver\u00e4ndert!<\/h3>\n<hr \/>\n<p><img loading=\"lazy\" decoding=\"async\" src=\"https:\/\/solebadlaer.de\/wordpress\/wp-content\/uploads\/2025\/04\/Preise2025.jpg\" alt=\"\" width=\"650\" height=\"1062\" \/><\/p>\n<hr \/>\n<p>Kinder unter 10 Jahren k\u00f6nnen nur in Begleitung von Erwachsenen eingelassen werden!<\/p>\n<p style=\"text-align: center;\">Die Bezahlung des Eintritts ist wahlweise in bar oder Giro-\/Kreditkarte m\u00f6glich.<\/p>\n<p style=\"text-align: center;\">Rabatt f\u00fcr Besitzer von Giro Live Karten\u00a0<br \/>Bitte zeigen Sie dazu die Karte an der Kasse vor!<\/p>\n<h3 style=\"text-align: center;\">Das Freibad arbeitet auch mit <strong>Hansefit<\/strong>, <strong>Sportnavi<\/strong>.de und <strong>EGYM Wellpass (fr\u00fcher Qualitrain)<\/strong> zusammen.<br \/>Bitte scannen Sie mit der jeweiligen App den QR Code an der Kasse!<\/h3>\n<hr \/>\n<p style=\"text-align: center;\"><strong>Saisonkarten berechtigen zum Eintritt 2 Std. vor der allgemeinen \u00d6ffnung!<\/strong><\/p>\n<h3 style=\"text-align: center;\"><strong><a href=\"https:\/\/solebadlaer.de\/?page_id=1420\" target=\"_blank\" rel=\"noopener\">Wenn Sie eine Saisonkarte kaufen m\u00f6chten, bitte hier lesen!<\/a><\/strong><\/h3>\n<hr \/>\n<h3 style=\"text-align: center;\">\u00a0<\/h3>\n<figure class=\"wp-block-image\"><img loading=\"lazy\" decoding=\"async\" width=\"1024\" height=\"373\" src=\"http:\/\/solebadlaer.de\/wordpress\/wp-content\/uploads\/2019\/05\/freibad2b-1024x373.jpg\" alt=\"\" class=\"wp-image-394\" srcset=\"https:\/\/solebadlaer.de\/wordpress\/wp-content\/uploads\/2019\/05\/freibad2b-1024x373.jpg 1024w, https:\/\/solebadlaer.de\/wordpress\/wp-content\/uploads\/2019\/05\/freibad2b-300x109.jpg 300w, https:\/\/solebadlaer.de\/wordpress\/wp-content\/uploads\/2019\/05\/freibad2b-768x280.jpg 768w, https:\/\/solebadlaer.de\/wordpress\/wp-content\/uploads\/2019\/05\/freibad2b.jpg 1920w\" sizes=\"auto, (max-width: 1024px) 100vw, 1024px\" \/><\/figure>\n","protected":false},"excerpt":{"rendered":"<p>Die Preise f\u00fcr 2025 Die Preise f\u00fcr die Saison 2025 bleiben gegen\u00fcber dem Vorjahr unver\u00e4ndert! Kinder unter 10 Jahren k\u00f6nnen nur in Begleitung von Erwachsenen eingelassen werden! Die Bezahlung des Eintritts ist wahlweise in bar oder Giro-\/Kreditkarte m\u00f6glich. Rabatt f\u00fcr &hellip; <a href=\"https:\/\/solebadlaer.de\/?page_id=20\">Weiterlesen <span class=\"meta-nav\">&rarr;<\/span><\/a><\/p>\n","protected":false},"author":1,"featured_media":0,"parent":0,"menu_order":0,"comment_status":"closed","ping_status":"closed","template":"","meta":{"ngg_post_thumbnail":0,"jetpack_post_was_ever_published":false,"footnotes":""},"class_list":["post-20","page","type-page","status-publish","hentry"],"jetpack_shortlink":"https:\/\/wp.me\/P4GklD-k","jetpack_sharing_enabled":true,"_links":{"self":[{"href":"https:\/\/solebadlaer.de\/index.php?rest_route=\/wp\/v2\/pages\/20","targetHints":{"allow":["GET"]}}],"collection":[{"href":"https:\/\/solebadlaer.de\/index.php?rest_route=\/wp\/v2\/pages"}],"about":[{"href":"https:\/\/solebadlaer.de\/index.php?rest_route=\/wp\/v2\/types\/page"}],"author":[{"embeddable":true,"href":"https:\/\/solebadlaer.de\/index.php?rest_route=\/wp\/v2\/users\/1"}],"replies":[{"embeddable":true,"href":"https:\/\/solebadlaer.de\/index.php?rest_route=%2Fwp%2Fv2%2Fcomments&post=20"}],"version-history":[{"count":59,"href":"https:\/\/solebadlaer.de\/index.php?rest_route=\/wp\/v2\/pages\/20\/revisions"}],"predecessor-version":[{"id":3086,"href":"https:\/\/solebadlaer.de\/index.php?rest_route=\/wp\/v2\/pages\/20\/revisions\/3086"}],"wp:attachment":[{"href":"https:\/\/solebadlaer.de\/index.php?rest_route=%2Fwp%2Fv2%2Fmedia&parent=20"}],"curies":[{"name":"wp","href":"https:\/\/api.w.org\/{rel}","templated":true}]}}