{"id":250,"date":"2019-04-23T06:57:49","date_gmt":"2019-04-23T04:57:49","guid":{"rendered":"http:\/\/solebadlaer.de\/?page_id=250"},"modified":"2020-05-11T07:22:30","modified_gmt":"2020-05-11T05:22:30","slug":"pressetext-april-2019","status":"publish","type":"page","link":"https:\/\/solebadlaer.de\/?page_id=250","title":{"rendered":"Pressetext April 2019"},"content":{"rendered":"<p>Pressemeldung 2019<\/p>\n<p>[Sobald es aktuelle Informationen zur Lage 2020 gibt, wird das hier ge\u00e4ndert]<\/p>\n<p>Die Badesaison im Bad Laerer Sole-Freibad startet wieder Anfang Mai. F\u00fcr alle Schwimmbegeisterten ist das Sole-Freibad werktags von 6 bis 20 Uhr, samstags, sonn- und feiertags von 7 bis 19 Uhr ge\u00f6ffnet. Weiter im Angebot ist auch das Feierabendschwimmen von montags bis freitags ab 19 Uhr. Das Team des Sole-Freibades freut sich auf ihren Besuch. Die \u00fcber 2,50 m breite Rutsche, der Wildwasserbach, die Sprudeld\u00fcsen und die Wassersch\u00fctten garantieren Badespa\u00df f\u00fcr die ganze Familie. Nat\u00fcrlich ist auch ein separates Kinderbecken f\u00fcr die j\u00fcngsten Besucher vorhanden.<br \/>\nEine kleine Gesundheitsoase ist der Sole-Inhalierpavillon (7,2-prozentige Sole). Die integrierte Sole-Dusche bietet mit unbehandelter \u201eNatursole\u201c eine gesunde Erfrischung.<br \/>\nDurch die eigene Sole-Quelle ist bis zu 2,5-prozentige Sole im Schwimmerbecken garantiert.<br \/>\nF\u00fcr sportliche Abwechselung sorgen auch 4 Beachvolleyballfelder, die au\u00dferhalb des Vereinsbetriebes von den Badeg\u00e4sten genutzt werden k\u00f6nnen.<br \/>\nDie Sole-Perle garantiert mit ihrem Speise- und Getr\u00e4nkeangebot beste Voraussetzungen f\u00fcr das leibliche Wohl. Zu erschwinglichen Preisen werden hier Eis, S\u00fc\u00dfigkeiten, Laugenbrezeln, Kaffeespezialit\u00e4ten und an warmen Tagen weitere Speisen angeboten.<\/p>\n<p><strong>Vorteil f\u00fcr Jahreskarteninhaber<br \/>\n<\/strong>Inhaber von Dauerkarten erhalten bei Vorlage der aktuellen Saisonkarte 2019 bis zum 31.12.19 1,00\u00a0 Erm\u00e4\u00dfigung beim \u00f6ffentlichen Schwimmen im SoleVital. Die Saisonkarten sind nicht \u00fcbertragbar.<\/p>\n<p><strong>Angebote \u2013 <\/strong><strong>Highlights im Sole-Freibad<br \/>\n<\/strong>Wie in den letzen Jahren wird wieder \u201eschwimmen, aber richtig\u201c f\u00fcr Erwachsene angeboten.F\u00fcr Schwimmer, die gerne noch etwas dazulernen m\u00f6chten. Der Kurs beinhaltet folgende Schwimmarten: Kraul (Freistil), Brust und R\u00fccken. Der Kurs besteht aus 5 \u00dcbungseinheiten.<br \/>\nEin genauer Termin wird noch bekanntgegeben.<br \/>\nAuch f\u00fcr unsere Schwimmanf\u00e4nger werden in diesem Jahr wieder <strong>Seepferdchenkurse<\/strong> angeboten. Die Kurse starten voraussichtlich Ende Mai.<br \/>\nTermine f\u00fcr <strong>Aqua-Jogging<\/strong>-Kurse werden ebenfalls Anfang Mai bekanntgegeben.<br \/>\nAu\u00dferdem wird der 2-st\u00fcndige Aqua-Marathon in dieser Saison wieder mehrmals angeboten.<br \/>\nDer <strong>Sole-Triathlon<\/strong> wird in diesem Jahr am Samstag, den 10.08. stattfinden.<br \/>\nAuch der \u201e<strong>Zug durch die Gemeinde<\/strong>\u201c macht in diesem Jahr am Samstag, den 31. August, halt im Freibad. F\u00fcr die Musik sorgt in diesem Jahr die Jazz Combo bad Laer.<br \/>\nSonderveranstaltungen wie z.B. Schualabschl\u00fcsse oder Vereinsabschl\u00fcsse k\u00f6nnen mit dem Team des Freibades abgesprochen werden.<br \/>\nAuskunft erteilt: Sole-Freibad Bad Laer Tel.: 05424\/9372 E-mail: <a href=\"mailto:freibad-badlaer@osnanet.de\">freibad-badlaer@osnanet.de<\/a><\/p>\n<p><strong>Saisonkartenvorverkauf<br \/>\n<\/strong>Der diesj\u00e4hrige Saisonkartenvorverkauf findet am Dienstag, den 30. April, in der Zeit von 16.30 bis 18 Uhr statt.<\/p>\n<p><strong>Auch f\u00fcr IHRE FIRMA<br \/>\n<\/strong>Gutscheine \u2013 der Gesundheitsbonus f\u00fcr Ihre Mitarbeiter!<br \/>\nDie Gesundheit Ihrer Mitarbeiter liegt Ihnen am Herzen. Weitere Infos direkt im Sole-Freibad.<\/p>\n","protected":false},"excerpt":{"rendered":"<p>Pressemeldung 2019 [Sobald es aktuelle Informationen zur Lage 2020 gibt, wird das hier ge\u00e4ndert] Die Badesaison im Bad Laerer Sole-Freibad startet wieder Anfang Mai. F\u00fcr alle Schwimmbegeisterten ist das Sole-Freibad werktags von 6 bis 20 Uhr, samstags, sonn- und feiertags &hellip; <a href=\"https:\/\/solebadlaer.de\/?page_id=250\">Weiterlesen <span class=\"meta-nav\">&rarr;<\/span><\/a><\/p>\n","protected":false},"author":2,"featured_media":0,"parent":0,"menu_order":0,"comment_status":"closed","ping_status":"closed","template":"","meta":{"ngg_post_thumbnail":0,"jetpack_post_was_ever_published":false,"footnotes":""},"class_list":["post-250","page","type-page","status-publish","hentry"],"jetpack_shortlink":"https:\/\/wp.me\/P4GklD-42","jetpack_sharing_enabled":true,"_links":{"self":[{"href":"https:\/\/solebadlaer.de\/index.php?rest_route=\/wp\/v2\/pages\/250","targetHints":{"allow":["GET"]}}],"collection":[{"href":"https:\/\/solebadlaer.de\/index.php?rest_route=\/wp\/v2\/pages"}],"about":[{"href":"https:\/\/solebadlaer.de\/index.php?rest_route=\/wp\/v2\/types\/page"}],"author":[{"embeddable":true,"href":"https:\/\/solebadlaer.de\/index.php?rest_route=\/wp\/v2\/users\/2"}],"replies":[{"embeddable":true,"href":"https:\/\/solebadlaer.de\/index.php?rest_route=%2Fwp%2Fv2%2Fcomments&post=250"}],"version-history":[{"count":9,"href":"https:\/\/solebadlaer.de\/index.php?rest_route=\/wp\/v2\/pages\/250\/revisions"}],"predecessor-version":[{"id":523,"href":"https:\/\/solebadlaer.de\/index.php?rest_route=\/wp\/v2\/pages\/250\/revisions\/523"}],"wp:attachment":[{"href":"https:\/\/solebadlaer.de\/index.php?rest_route=%2Fwp%2Fv2%2Fmedia&parent=250"}],"curies":[{"name":"wp","href":"https:\/\/api.w.org\/{rel}","templated":true}]}}

<p>Pressemeldung 2019</p>
<p>[Sobald es aktuelle Informationen zur Lage 2020 gibt, wird das hier geändert]</p>
<p>Die Badesaison im Bad Laerer Sole-Freibad startet wieder Anfang Mai. Für alle Schwimmbegeisterten ist das Sole-Freibad werktags von 6 bis 20 Uhr, samstags, sonn- und feiertags von 7 bis 19 Uhr geöffnet. Weiter im Angebot ist auch das Feierabendschwimmen von montags bis freitags ab 19 Uhr. Das Team des Sole-Freibades freut sich auf ihren Besuch. Die über 2,50 m breite Rutsche, der Wildwasserbach, die Sprudeldüsen und die Wasserschütten garantieren Badespaß für die ganze Familie. Natürlich ist auch ein separates Kinderbecken für die jüngsten Besucher vorhanden.<br />
Eine kleine Gesundheitsoase ist der Sole-Inhalierpavillon (7,2-prozentige Sole). Die integrierte Sole-Dusche bietet mit unbehandelter „Natursole“ eine gesunde Erfrischung.<br />
Durch die eigene Sole-Quelle ist bis zu 2,5-prozentige Sole im Schwimmerbecken garantiert.<br />
Für sportliche Abwechselung sorgen auch 4 Beachvolleyballfelder, die außerhalb des Vereinsbetriebes von den Badegästen genutzt werden können.<br />
Die Sole-Perle garantiert mit ihrem Speise- und Getränkeangebot beste Voraussetzungen für das leibliche Wohl. Zu erschwinglichen Preisen werden hier Eis, Süßigkeiten, Laugenbrezeln, Kaffeespezialitäten und an warmen Tagen weitere Speisen angeboten.</p>
<p><strong>Vorteil für Jahreskarteninhaber<br />
</strong>Inhaber von Dauerkarten erhalten bei Vorlage der aktuellen Saisonkarte 2019 bis zum 31.12.19 1,00  Ermäßigung beim öffentlichen Schwimmen im SoleVital. Die Saisonkarten sind nicht übertragbar.</p>
<p><strong>Angebote – </strong><strong>Highlights im Sole-Freibad<br />
</strong>Wie in den letzen Jahren wird wieder „schwimmen, aber richtig“ für Erwachsene angeboten.Für Schwimmer, die gerne noch etwas dazulernen möchten. Der Kurs beinhaltet folgende Schwimmarten: Kraul (Freistil), Brust und Rücken. Der Kurs besteht aus 5 Übungseinheiten.<br />
Ein genauer Termin wird noch bekanntgegeben.<br />
Auch für unsere Schwimmanfänger werden in diesem Jahr wieder <strong>Seepferdchenkurse</strong> angeboten. Die Kurse starten voraussichtlich Ende Mai.<br />
Termine für <strong>Aqua-Jogging</strong>-Kurse werden ebenfalls Anfang Mai bekanntgegeben.<br />
Außerdem wird der 2-stündige Aqua-Marathon in dieser Saison wieder mehrmals angeboten.<br />
Der <strong>Sole-Triathlon</strong> wird in diesem Jahr am Samstag, den 10.08. stattfinden.<br />
Auch der „<strong>Zug durch die Gemeinde</strong>“ macht in diesem Jahr am Samstag, den 31. August, halt im Freibad. Für die Musik sorgt in diesem Jahr die Jazz Combo bad Laer.<br />
Sonderveranstaltungen wie z.B. Schualabschlüsse oder Vereinsabschlüsse können mit dem Team des Freibades abgesprochen werden.<br />
Auskunft erteilt: Sole-Freibad Bad Laer Tel.: 05424/9372 E-mail: <a href="mailto:freibad-badlaer@osnanet.de">freibad-badlaer@osnanet.de</a></p>
<p><strong>Saisonkartenvorverkauf<br />
</strong>Der diesjährige Saisonkartenvorverkauf findet am Dienstag, den 30. April, in der Zeit von 16.30 bis 18 Uhr statt.</p>
<p><strong>Auch für IHRE FIRMA<br />
</strong>Gutscheine – der Gesundheitsbonus für Ihre Mitarbeiter!<br />
Die Gesundheit Ihrer Mitarbeiter liegt Ihnen am Herzen. Weitere Infos direkt im Sole-Freibad.</p>

<p>Pressemeldung 2019 [Sobald es aktuelle Informationen zur Lage 2020 gibt, wird das hier geändert] Die Badesaison im Bad Laerer Sole-Freibad startet wieder Anfang Mai. Für alle Schwimmbegeisterten ist das Sole-Freibad werktags von 6 bis 20 Uhr, samstags, sonn- und feiertags &hellip; <a href="https://solebadlaer.de/?page_id=250">Weiterlesen <span class="meta-nav">&rarr;</span></a></p>
