{"id":304,"date":"2019-04-30T13:43:17","date_gmt":"2019-04-30T11:43:17","guid":{"rendered":"http:\/\/solebadlaer.de\/?page_id=304"},"modified":"2022-04-25T09:26:44","modified_gmt":"2022-04-25T07:26:44","slug":"schwimmabzeichen","status":"publish","type":"page","link":"https:\/\/solebadlaer.de\/?page_id=304","title":{"rendered":"Schwimmabzeichen"},"content":{"rendered":"<p class=\"has-text-align-center\">\n<p>Von der Deutschen Lebensrettungsgesellschaft DLRG werden verschiedene Schwimmabzeichen f\u00fcr unterschiedliche Altersklassen angeboten:<\/p>\n<figure class=\"wp-block-image\"><img loading=\"lazy\" decoding=\"async\" width=\"1024\" height=\"178\" src=\"http:\/\/solebadlaer.de\/wordpress\/wp-content\/uploads\/2019\/05\/Abzeichen-1024x178.jpg\" alt=\"\" class=\"wp-image-353\" srcset=\"https:\/\/solebadlaer.de\/wordpress\/wp-content\/uploads\/2019\/05\/Abzeichen-1024x178.jpg 1024w, https:\/\/solebadlaer.de\/wordpress\/wp-content\/uploads\/2019\/05\/Abzeichen-300x52.jpg 300w, https:\/\/solebadlaer.de\/wordpress\/wp-content\/uploads\/2019\/05\/Abzeichen-768x133.jpg 768w, https:\/\/solebadlaer.de\/wordpress\/wp-content\/uploads\/2019\/05\/Abzeichen.jpg 1920w\" sizes=\"auto, (max-width: 1024px) 100vw, 1024px\" \/><\/figure>\n<p>Schwimmabzeichen k\u00f6nnen im Solefreibad Bad Laer erworben werden. Bitte fragen Sie im Freibad nach der n\u00e4chsten Abnahmem\u00f6glichkeit.<br \/>Die Anforderungen an die einzelnen Abzeichen finden Sie unter den folgenden Links:<\/p>\n<p class=\"has-text-align-center\"><a href=\"http:\/\/solebadlaer.de\/?page_id=306\">Fr\u00fchschwimmer \/ Seepferdchen<\/a><\/p>\n<p class=\"has-text-align-center\"><strong>Deutscher Schwimmpass<\/strong><br \/>Schwimmabzeichen <a href=\"http:\/\/solebadlaer.de\/?page_id=308\">Bronze (Freischwimmer)<\/a>, <a href=\"http:\/\/solebadlaer.de\/?page_id=310\">Silber<\/a>, <a href=\"http:\/\/solebadlaer.de\/?page_id=312\">Gold<\/a><\/p>\n<p class=\"has-text-align-center\"><a href=\"http:\/\/solebadlaer.de\/?page_id=320\">Junior Retter<\/a>, Rettungsschwimmer <a href=\"http:\/\/solebadlaer.de\/?page_id=322\">Bronze<\/a>, <a href=\"http:\/\/solebadlaer.de\/?page_id=324\">Silber<\/a>, <a href=\"http:\/\/solebadlaer.de\/?page_id=326\">Gold<\/a><\/p>\n<\/p>\n<p class=\"has-text-align-center\"><a href=\"http:\/\/solebadlaer.de\/?page_id=498\">die Baderegeln<\/a><\/p>\n<p class=\"has-text-align-center\"><a rel=\"noreferrer noopener\" href=\"https:\/\/solebadlaer.de\/wordpress\/wp-content\/uploads\/2021\/06\/Selbstrettung.pdf\" target=\"_blank\">Kenntniss<\/a><a href=\"https:\/\/solebadlaer.de\/wordpress\/wp-content\/uploads\/2021\/06\/Selbstrettung.pdf\" target=\"_blank\" rel=\"noreferrer noopener\">e<\/a><a rel=\"noreferrer noopener\" href=\"https:\/\/solebadlaer.de\/wordpress\/wp-content\/uploads\/2021\/06\/Selbstrettung.pdf\" target=\"_blank\"> der Selbstrettung<\/a><\/p>\n<p class=\"has-text-align-center\"><a rel=\"noreferrer noopener\" href=\"https:\/\/solebadlaer.de\/wordpress\/wp-content\/uploads\/2021\/06\/Selbstrettung2.pdf\" target=\"_blank\">Se<\/a><a href=\"https:\/\/solebadlaer.de\/wordpress\/wp-content\/uploads\/2021\/06\/Selbstrettung2.pdf\" target=\"_blank\" rel=\"noreferrer noopener\">l<\/a><a rel=\"noreferrer noopener\" href=\"https:\/\/solebadlaer.de\/wordpress\/wp-content\/uploads\/2021\/06\/Selbstrettung2.pdf\" target=\"_blank\">bstrettung<\/a><\/p>\n<p class=\"has-text-align-center\"><a href=\"https:\/\/solebadlaer.de\/wordpress\/wp-content\/uploads\/2021\/06\/BootEisunfaelle.pdf\" target=\"_blank\" rel=\"noreferrer noopener\">Boots- und Eisunf\u00e4lle<\/a><\/p>\n","protected":false},"excerpt":{"rendered":"<p>Von der Deutschen Lebensrettungsgesellschaft DLRG werden verschiedene Schwimmabzeichen f\u00fcr unterschiedliche Altersklassen angeboten: Schwimmabzeichen k\u00f6nnen im Solefreibad Bad Laer erworben werden. Bitte fragen Sie im Freibad nach der n\u00e4chsten Abnahmem\u00f6glichkeit.Die Anforderungen an die einzelnen Abzeichen finden Sie unter den folgenden Links: &hellip; <a href=\"https:\/\/solebadlaer.de\/?page_id=304\">Weiterlesen <span class=\"meta-nav\">&rarr;<\/span><\/a><\/p>\n","protected":false},"author":2,"featured_media":0,"parent":0,"menu_order":0,"comment_status":"closed","ping_status":"closed","template":"","meta":{"ngg_post_thumbnail":0,"jetpack_post_was_ever_published":false,"footnotes":""},"class_list":["post-304","page","type-page","status-publish","hentry"],"jetpack_shortlink":"https:\/\/wp.me\/P4GklD-4U","jetpack_sharing_enabled":true,"_links":{"self":[{"href":"https:\/\/solebadlaer.de\/index.php?rest_route=\/wp\/v2\/pages\/304","targetHints":{"allow":["GET"]}}],"collection":[{"href":"https:\/\/solebadlaer.de\/index.php?rest_route=\/wp\/v2\/pages"}],"about":[{"href":"https:\/\/solebadlaer.de\/index.php?rest_route=\/wp\/v2\/types\/page"}],"author":[{"embeddable":true,"href":"https:\/\/solebadlaer.de\/index.php?rest_route=\/wp\/v2\/users\/2"}],"replies":[{"embeddable":true,"href":"https:\/\/solebadlaer.de\/index.php?rest_route=%2Fwp%2Fv2%2Fcomments&post=304"}],"version-history":[{"count":23,"href":"https:\/\/solebadlaer.de\/index.php?rest_route=\/wp\/v2\/pages\/304\/revisions"}],"predecessor-version":[{"id":1986,"href":"https:\/\/solebadlaer.de\/index.php?rest_route=\/wp\/v2\/pages\/304\/revisions\/1986"}],"wp:attachment":[{"href":"https:\/\/solebadlaer.de\/index.php?rest_route=%2Fwp%2Fv2%2Fmedia&parent=304"}],"curies":[{"name":"wp","href":"https:\/\/api.w.org\/{rel}","templated":true}]}}